5 - 3)?
1
What is the tens digit of (-12312 - -1)*20*(-9)/180?
1
Suppose 0 = -4*r + 4*k + 25708, -363*k = 3*r - 360*k - 19293. What is the thousands digit of r?
6
Suppose -3*p - 2*s + 1524 = 0, -64*p = -66*p - s + 1015. What is the units digit of p?
6
Let g(h) = h + 7. Let k be g(-5). Suppose 3*s - 6 = k*s. Let p(m) = 11*m + 35. What is the tens digit of p(s)?
0
What is the hundreds digit of -6 - (144/(-9) + -28905)?
9
Let u(x) be the third derivative of -x**5/60 - 7*x**4/12 + x**3/3 - 14*x**2. Let a be u(-11). Let n = 119 - a. What is the tens digit of n?
8
Let j(s) = -3*s + 7. Let k be j(4). What is the tens digit of (-942)/k*(-5)/(-2)?
7
Suppose 15*y + 18992 = 31*y. Let t = 127 + y. What is the thousands digit of t?
1
Suppose -152567 = -26*a + 9*a + 610376. What is the hundreds digit of a?
8
Let s be (0 - -1) + 0 - (8 - 15). Let n(q) = q**2 - 9*q + 10. Let u be n(s). Suppose i - c - 196 = -47, 5*c + 286 = u*i. What is the hundreds digit of i?
1
Let p(g) = g**2 + 25*g. Let k be p(-25). Suppose k = x + 2*z - 23, 2 - 7 = -z. Suppose 16*m = x*m + 651. What is the tens digit of m?
1
Suppose -2*g - 2*s - 142 = -7*g, -5*s + 51 = 2*g. Suppose 32*b = g*b + 20. Suppose 25 = 5*d, 4*m - 63 = 2*m + b*d. What is the tens digit of m?
4
Let g = 147 + -9. Let f be 5/(25/g)*(-1 + 6). Suppose 6*v = -o + 5*v + 46, f = 3*o - 4*v. What is the units digit of o?
6
Let u(g) be the second derivative of -g**3/2 + 11*g**2/2 - 13*g. Let m be u(-6). Suppose -2*f = 2*k - 195 - m, 4*k = -3*f + 335. What is the units digit of f?
3
Suppose -69*k - 3*l = -72*k + 64272, -l - 42850 = -2*k. What is the tens digit of k?
2
Suppose 3*x - 39*x + 7305 = -10047. What is the tens digit of x?
8
Suppose -7260 - 13902 = -6*z. Suppose -15*k + 5038 = -z. What is the hundreds digit of k?
5
Let h = 130 - 128. What is the tens digit of (-1)/(h/8) + (116 - -48)?
6
Let k(f) = 153*f**3 - 40*f**2 - 4*f - 5. Let q be k(4). Suppose -8*s - q = -31*s. What is the hundreds digit of s?
3
Suppose 3*r + 1754 = 34*r - 199095. What is the thousands digit of r?
6
Let v(x) = -6*x + 13. Let g be v(10). Let i(h) = -5*h**2 + 2*h - 7. Let s be i(3). Let y = s - g. What is the units digit of y?
1
Let p(o) = o**2 + 13*o - 31. Let m be p(-15). What is the tens digit of 1/(m + 0) - -260?
5
Suppose 4*c - 339 = -103. Suppose 68*s = c*s + 1881. What is the units digit of s?
9
Let r(w) = -54*w**3 - 9*w**2 - 16*w - 45. What is the tens digit of r(-5)?
6
What is the hundreds digit of ((-52434)/(-12))/(35/70)?
7
Let k(o) = o**2 + 14*o + 59. Let z be k(-27). Suppose -z + 93 = -4*r - 5*f, 0 = -r + 5*f + 73. What is the units digit of r?
8
Let g(n) = -n**3 + 12*n**2 - 16*n - 23. Let f be g(14). Let j = 1194 + f. What is the tens digit of j?
5
Let k(u) = 83*u**2 - 3*u - 2. Let q be k(-1). Let n be q/22 + (-6)/(-33). Suppose -3*m - 640 = -n*g - 5*m, 4*g = m + 646. What is the units digit of g?
1
Suppose 6*i = -3*q + 2*i - 18, 2*q + 12 = -3*i. Suppose 20*j = 16*j - 32. What is the units digit of j*(-5 - q)*3*-9?
6
What is the tens digit of (-1)/29 + (-86013279)/(-957)?
7
Let o(m) = 15*m + 26 - 28*m - 232*m**2 + 256*m**2. What is the tens digit of o(6)?
1
Let o(z) = -6*z - 17. Let y be o(-4). Suppose y*g = 1326 - 73. What is the units digit of g?
9
Let c be (-53)/2*(68 + -12). Let z = -860 - c. What is the hundreds digit of z?
6
Let k(i) = i**2 + i. Let n be k(-3). Suppose n = -2*j, -6*l - 5*j = -4*l + 39. Let v = 18 - l. What is the units digit of v?
0
Let k(n) = -5 + 11*n + 3*n**2 - 2*n**2 + 5*n + 25. Let p be k(-15). Suppose s - 137 = 5*t - 0*t, p*t - 137 = -s. What is the units digit of s?
7
Let z = 560 - 555. What is the hundreds digit of 0 + (2 - z) - -1046 - 3?
0
Suppose -4*z + 0*z + 44 = r, 0 = -3*r - 3*z + 105. Suppose 6*l = 4*v + 3*l - 71, -r = -3*v - 2*l. What is the tens digit of v?
1
Let f = -14673 - -32930. What is the thousands digit of f?
8
Let j(t) be the second derivative of 19*t**4/12 + 17*t**3/3 + 221*t**2/2 + 19*t + 1. What is the tens digit of j(-9)?
5
Let n(g) = 3*g**2 - 8*g + 11. Let k be n(4). Suppose -3*b + 0*b - 3*y - 18 = 0, 5*b + 10 = 5*y. What is the hundreds digit of b*4/72 - (-2760)/k?
1
Let p = 8391 + 26443. What is the ten thousands digit of p?
3
Suppose -6344 = -12*t + 4497 + 84379. What is the tens digit of t?
3
Let c(w) = 11*w**2 + 16*w + 68 + 9*w - 10*w**2. Let o be c(-22). Suppose -o*q + b + 105 = 0, 0*q = q + b - 48. What is the units digit of q?
1
Let w(n) be the second derivative of -7*n + 0 + 1/2*n**2 - 2/5*n**5 + 1/12*n**4 + 1/3*n**3. What is the units digit of w(-2)?
5
What is the ten thousands digit of 3045125/55 + 24/264?
5
Suppose -8*f + c = -6*f - 77, 4*c - 72 = -2*f. Suppose f*i + 136 = 39*i. What is the hundreds digit of i?
1
Suppose -34*l + 2820983 = 171*l + 6743. What is the ten thousands digit of l?
1
Suppose 13*o = 5*o - 3*f + 156095, -4*f + 58527 = 3*o. What is the tens digit of o?
1
Suppose 3*p - 938 = -3*h - 41, -5*h = 4*p - 1494. Suppose -h = -10*l + 12. What is the tens digit of l?
3
Suppose -2*w + 179 = -61. Suppose 27*j = 28*j. Suppose 2*t - 4*r = -j*r + w, 0 = r - 4. What is the units digit of t?
8
Suppose -5*t + 12 = -2*i - 16, -4*t = 5*i + 103. Let k = -14 - i. Suppose 2*q = -3*b + 155 - 30, -b = k. What is the tens digit of q?
7
Let t(u) = 31*u - 29. Let z be t(1). Suppose -z*g + 688 = 2*a, 4*g + 5*a - 178 = 1201. What is the tens digit of g?
4
Suppose 115*a - 111*a = -20, 0 = -4*j + 2*a + 179014. What is the units digit of j?
1
Let f be 1531 + -3 - -5 - (-4 - -7). Let t = -1053 + f. What is the tens digit of t?
7
Let j(b) = 166*b**2 + b. Let d be j(-1). Let g = 258 + d. Let s = g - 270. What is the hundreds digit of s?
1
Let f(b) = 20*b - 10 + 33 - 46 - 34. What is the hundreds digit of f(17)?
2
Suppose 114221 = 4*f - 21*y + 22*y, -28559 = -f - y. What is the ten thousands digit of f?
2
Let c be (-4794)/(-10) - (-105)/175. Let o = -287 + c. What is the hundreds digit of o?
1
What is the units digit of (-3)/6 + (-98430)/(-12)?
2
Suppose 19 = 4*p - 1. Suppose p*v - 17 = -1342. Let y = -160 - v. What is the tens digit of y?
0
Suppose 76*u - 495211 = -12383. What is the thousands digit of u?
6
Suppose 2*f + 5*r = r - 26, 4*f - r + 7 = 0. Let k = f + 192. What is the units digit of k?
9
Suppose -a + 34 = -2*k, 4*k = 5*a - 158 - 30. Suppose 24 = -6*h + 10*h. Let q = a - h. What is the units digit of q?
4
Suppose 0 = r + m - 401, -2*r = -2*m - 1015 + 205. Let s = -222 + r. What is the tens digit of s?
8
Suppose 621 = s + 79. Let u = -92 + s. What is the tens digit of u?
5
Suppose l + 18 = -2*h, 0 = -2*l + l + h - 24. Let g(b) = -3*b**2 - 69*b - 5. Let u be g(l). Suppose 3*j = 14 + u. What is the tens digit of j?
2
Suppose 18*m - 139251 - 46327 - 64658 = 0. What is the tens digit of m?
0
Let s(b) = 56*b**3 - 2*b**2 + 4*b - 2. Let y be s(2). Let w = 1654 - y. What is the thousands digit of w?
1
Let r(o) be the first derivative of 14*o**3/3 + o**2/2 - 13*o - 178. What is the units digit of r(5)?
2
What is the units digit of 913760/(-60)*24/(-32)?
2
Suppose 0 = -13*k + 53 - 1. Suppose k*l = 2014 - 594. Suppose 465 = 5*x - l. What is the tens digit of x?
6
Let v = -9204 - -17506. What is the hundreds digit of v?
3
Let y = -65844 + 93589. What is the ten thousands digit of y?
2
Let b = 50 - 56. Let x = -4 - b. Suppose 2*g + 3*g - 5*w - 135 = 0, w = -x*g + 60. What is the tens digit of g?
2
Let m = -2 - -3. Let f(u) = 172*u - 7. Let w(s) = -521*s + 21. Let t(c) = 19*f(c) + 6*w(c). What is the units digit of t(m)?
5
Let d(f) = 62 + 20*f**2 + 4*f**2 - 176907*f + 176887*f. What is the units digit of d(9)?
6
Suppose 4*w - 2*h - 36 = 0, 29 = -3*w + 6*w - 2*h. What is the hundreds digit of 720 - 2/7*w?
7
Let z = 250 - 246. Suppose -4*d - 541 - 1987 = -2*i, z*i + 2*d = 5106. What is the units digit of i?
4
Let v = -59 + 55. Let p(m) = -6*m + 45. What is the tens digit of p(v)?
6
Let p(j) = 11*j - 1. Let r be p(2). Let m = 25 - r. Suppose -m*l + 2*l = -5*h + 356, h + 2*l = 64. What is the tens digit of h?
7
Let x = -147 + 179. Let d = 191 - 124. Let k = d - x. What is the units digit of k?
5
Let x(q) = 8*q + 3. Suppose -4*r - 1 + 5 = 0. Suppose c - 11 = r. What is the units digit of x(c)?
9
Let h(w) = w**3 - 14*w**2 + 13*w + 43. Let u be h(14). Let v = u + 344. What is the units d